Let w(x) = x**3 - 5841*x**2 - 35083*x - 3. Give w(-6).
3
Let l(c) = 3*c**3 + 240*c**2 - 31*c - 2725. Determine l(-80).
-245
Let n(f) = 3*f**2 + 365*f - 1079129. Give n(542).
-7
Let l(m) = 39*m**2 + 1307*m + 3585. Calculate l(-3).
15
Let a(c) = 53696*c - 3436542. Calculate a(64).
2
Let k(c) = -145747*c - 582993. Determine k(-4).
-5
Let z(l) = -l**3 - 24*l**2 + 9*l + 1337. Give z(-22).
171
Let m(i) = 35*i**2 - 436*i - 7341. Calculate m(22).
7
Let f(m) = 2756*m + 38580. Give f(-14).
-4
Let s(c) = -576*c + 10729. Give s(18).
361
Let b(u) = -2*u**3 + 371*u + 1744. Give b(-10).
34
Let j(v) = 60*v**3 + 34*v**2 - 23*v - 20. Determine j(1).
51
Let i(g) = -g**2 - 371*g - 19898. Calculate i(-65).
-8
Let h(w) = -w**3 - 83*w**2 + 731*w + 234. Determine h(-91).
-39
Let o(f) = -20*f**2 + 31*f + 142. What is o(14)?
-3344
Let m(f) = f**3 - 466*f**2 - 28651*f - 2080. What is m(521)?
4
Let c(o) = -8*o**2 + 3377*o + 33854. Calculate c(-10).
-716
Let q(n) = -n**3 + 68*n**2 + 225*n - 877. Calculate q(71).
-25
Let o(y) = 2*y**2 + 29658*y + 355611. What is o(-12)?
3
Let g(f) = -544*f**2 - 7*f - 13. What is g(-2)?
-2175
Let u(d) = -13*d**2 - 482*d + 30037. What is u(33)?
-26
Let r(h) = h**2 + 384*h - 23651. Determine r(-438).
1
Let m(a) = 3*a**2 + 138*a - 245. What is m(-46)?
-245
Let t(k) = 661*k - 28367. Calculate t(43).
56
Let v(t) = t**3 + 11*t**2 - 3506*t - 35162. Calculate v(-10).
-2
Let g(q) = 2*q**3 - 70*q**2 + 88*q - 1159. Determine g(34).
-479
Let s(m) = -24*m**3 - 4*m**2 + 40*m + 113. Give s(-5).
2813
Let m(z) = -12*z**2 + 328*z + 2598. What is m(-8)?
-794
Let h(g) = g**3 - 12*g**2 - 19*g - 95. Calculate h(13).
-173
Let q(t) = -t**3 + 149*t**2 - 302*t + 22872. Determine q(148).
80
Let r(s) = -243*s + 6108. What is r(25)?
33
Let y(r) = -14*r**3 - 166*r**2 + 35*r + 13. Calculate y(-12).
-119
Let f(x) = 31*x**3 - 1025*x**2 + 58*x + 204. Determine f(33).
-60
Let t(y) = 734*y - 2642. Calculate t(1).
-1908
Let w(k) = 10*k**2 + 2017*k - 608. What is w(-202)?
-2
Let z(g) = -217*g + 803. Calculate z(3).
152
Let o(z) = -3*z**3 + 16*z**2 + 461*z - 9. Determine o(-10).
-19
Let z(m) = -9*m**3 + 46*m**2 - 16*m - 3. Give z(4).
93
Let n(q) = -q**2 - 255*q - 254. What is n(-251)?
750
Let j(b) = -88*b**2 - 2416*b + 4836. Calculate j(2).
-348
Let y(x) = -3*x**2 + 14839*x - 59312. What is y(4)?
-4
Let i(h) = -3*h**3 + 1415*h**2 + 4709*h + 19464. Determine i(475).
-11
Let j(s) = -103*s**2 - 2266*s + 31. What is j(-22)?
31
Let r(g) = -2*g**3 + 8*g**2 - 107470*g + 429912. Calculate r(4).
32
Let c(i) = -1031*i + 62600. Calculate c(61).
-291
Let v(q) = 7656*q - 4876864. Calculate v(637).
8
Let m(p) = 9*p**3 - 246*p**2 - 117*p - 1484. Calculate m(28).
-56
Let j(y) = -75*y**2 - 413*y - 2125. Give j(-5).
-1935
Let c(j) = -j**3 + 17*j**2 + 2209*j - 33903. Calculate c(15).
-318
Let n(p) = 8*p**3 + 1169*p**2 + 142*p - 608. Calculate n(-146).
-24
Let q(k) = -5*k**2 - 166*k + 2611. Give q(16).
-1325
Let h(k) = 1902*k**2 - 98905*k + 47. Give h(52).
-5
Let n(s) = 2*s**3 - 215*s**2 - 449*s + 5109. What is n(4)?
1
Let i(c) = c**2 - 3740*c + 22449. Determine i(6).
45
Let z(u) = 2*u**2 + 460*u - 20437. Give z(38).
-69
Let p(h) = -6*h**2 + 119*h - 705. Determine p(7).
-166
Let s(g) = 4*g**2 - 53*g + 363. Give s(10).
233
Let s(h) = -3*h**2 + 775*h + 116774. Give s(365).
-26
Let p(w) = -16*w**2 + 876*w - 3633. What is p(50)?
167
Let h(t) = 28*t**3 - 5*t**2 + 28*t + 14. What is h(-3)?
-871
Let c(d) = -29*d**2 - 155*d - 714. Determine c(-5).
-664
Let s(t) = -t**3 + 6*t**2 - 54*t + 2331. What is s(14)?
7
Let x(m) = 44763*m + 1566690. What is x(-35)?
-15
Let o(z) = z**3 - 6*z**2 + 467*z - 2249. Calculate o(5).
61
Let k(d) = d**3 - 268*d**2 - 59*d - 56354. What is k(269)?
136
Let t(p) = -p**2 - 2083*p + 16756. Give t(8).
28
Let o(t) = 3*t**3 - 44*t**2 + 90*t - 2323. Calculate o(16).
141
Let g(t) = -2044*t + 106376. Determine g(52).
88
Let b(i) = i**2 + 21077*i + 358029. Determine b(-17).
9
Let b(k) = -52523*k - 1470621. Calculate b(-28).
23
Let n(j) = -58*j**2 + 1101*j + 3824. Determine n(-3).
-1
Let s(w) = 60*w**2 + 133*w + 118. Determine s(-4).
546
Let g(n) = -795*n**2 - 554115*n + 1. What is g(-697)?
1
Let u(s) = -s**2 + 353*s + 118213. Calculate u(-210).
-17
Let g(l) = 28*l**2 + 677*l - 2238. Calculate g(3).
45
Let q(k) = -42169*k - 42159. What is q(-1)?
10
Let r(h) = -18006*h + 198058. Calculate r(11).
-8
Let p(h) = -h**3 - h**2 + 658*h + 6680. What is p(-16)?
-8
Let b(o) = -2698*o - 304765. Give b(-113).
109
Let i(c) = -171*c**2 + 49*c + 123. Calculate i(3).
-1269
Let d(k) = -2*k**2 + 886*k - 72110. Give d(334).
702
Let a(q) = -q**3 + 262*q**2 - 592*q + 18173. What is a(260)?
-547
Let h(g) = 190*g**2 + 885*g + 5. Give h(-4).
-495
Let s(d) = 42698*d + 11016101. What is s(-258)?
17
Let l(b) = b**3 - 25*b**2 - 308*b - 55. Determine l(34).
-123
Let u(q) = 48*q**2 + 5987*q - 17965. What is u(3)?
428
Let y(a) = 29*a**2 - 5213*a - 31249. What is y(-6)?
1073
Let w(n) = -55*n**3 - 5*n**2 + 22*n + 42. What is w(4)?
-3470
Let r(b) = -7*b**2 + 1289*b - 59054. Give r(86).
28
Let b(p) = -p**3 - 90*p**2 + 367*p - 234. Calculate b(-94).
612
Let z(x) = -30*x**2 + 234*x + 1507. What is z(12)?
-5
Let g(q) = -q**3 + 11*q**2 + 28*q + 40. Determine g(13).
66
Let i(h) = -4*h**2 - 704*h - 4116. Calculate i(-169).
616
Let c(w) = 2*w**2 + 312*w + 3994. What is c(-16)?
-486
Let t(s) = s**2 + 54*s + 803. Give t(-32).
99
Let f(l) = 28*l**2 + 1436*l - 2873. Calculate f(2).
111
Let w(s) = s**3 + 10*s**2 - 2170*s - 21759. What is w(-10)?
-59
Let c(w) = -13*w**2 - 824*w - 1116. Give c(-62).
0
Let x(w) = w**2 - 229*w - 942394. What is x(-863)?
2
Let h(x) = -x**2 - 2769*x - 178395. Give h(-66).
3
Let k(i) = -29858*i - 1134601. Calculate k(-38).
3
Let m(d) = -174*d**3 - 116*d + 227. Determine m(2).
-1397
Let j(s) = -924*s**2 + 65620*s - 1133. Give j(71).
3
Let w(t) = 2*t**3 - 336*t**2 + 8677*t + 3670. Calculate w(136).
-2
Let j(p) = -19026*p - 17903473. Determine j(-941).
-7
Let f(k) = -293*k**2 + 387*k - 13. What is f(1)?
81
Let s(g) = 2*g**3 + 54*g**2 - 379*g + 388. What is s(-34)?
-2910
Let u(c) = 18*c**3 + 26049*c**2 + 4345*c + 5792. Calculate u(-1447).
4
Let a(u) = 16451*u - 65956. What is a(4)?
-152
Let o(b) = -292460*b - 1754768. Give o(-6).
-8
Let f(z) = z**3 - 92*z**2 - 159*z + 1315. What is f(94)?
4041
Let m(f) = f**3 - 133*f**2 + 129*f + 886. Determine m(132).
490
Let h(c) = 3*c**2 + 45*c + 195. Determine h(-27).
1167
Let u(l) = -5*l**3 - 109*l**2 - 299*l + 228. Determine u(-18).
-546
Let o(m) = m**3 + 43*m + 100. What is o(-2)?
6
Let w(p) = 2*p**2 + 1747*p + 117006. Calculate w(-73).
133
Let x(k) = -21*k**2 - 239*k - 484. Give x(-2).
-90
Let y(l) = -3*l**2 + 80*l - 681. Give y(11).
-164
Let x(g) = 1922*g + 30751. Give x(-16).
-1
Let m(i) = 36*i**2 - 366*i - 1096. Determine m(-3).
326
Let f(o) = o**3 - 121*o**2 + 801*o - 299. What is f(114)?
43
Let r(z) = 2*z**2 - 265*z - 5815. What is r(-20)?
285
Let d(w) = -7*w**2 + 9*w + 609. Calculate d(-14).
-889
Let l(y) = 8*y**2 - 1047*y + 10502. Determine l(11).
-47
Let z(r) = 2*r**3 + 15*r**2 - 4852*r - 29214. Determine z(-6).
6
Let s(p) = 87*p**2 - 2840*p - 32612. Determine s(-9).
-5
Let s(u) = u**3 - 16*u**2 + 48*u - 221. What is s(6)?
-293
Let c(g) = -g**3 + 14026*g**2 + 42073*g - 11. What is c(-3)?
31
Let j(y) = -y**3 - 15*y**2 + 188*y + 2586. What is j(-18)?
174
Let d(h) = -771*h - 885. Calculate d(-1).
-114
Let x(b) = 32*b**2 + 1962*b + 529. Determine x(-61).
-81
Let r(a) = -a**3 - 50*a**2 - 1127*a - 81840. Give r(-56).
88
Let o(a) = 4*a**2 + 210*a + 11. Calculate o(-44).
-1485
Let u(k) = 43*k**2 + 763*k + 2267. Calculate u(-14).
13
Let p(a) = -90*a - 402. Determine p(-1).
-312
Let v(g) = 237*g - 66797. What is v(282)?
37
Let z(f) = -f**3 - 62*f**2 + 2179*f + 450. Determine z(-87).
102
Let s(v) = v**2 - 714*v - 264553. What is s(-269)?
-126
Let m(a) = -a**2 + 28*a + 5363. Give m(-73).
-2010
Let l(s) = s**3 - 42*s**2 + 89*s + 921. Give l(39).
-171
Let g(j) = -2*j**3 - 159*j**2 - 2799*j + 238. Calculate g(-53).
-292
Let g(f) = -63*f**2 - 42*f + 279. Determine g(2).
-57
Let p(h) = 6*h**2 + 160*h - 685. Give p(4).
51
Let c(i) = 3769*i**2 - 45249*i + 131. Give c(12).
-121
Let t(s) = -43043*s - 258256. What is t(-6)?
2
Let m(o) = 22*o**3 + 356*o**2 + 54*o - 174. Give m(-16).